et g be ((-12)/10)/((-1)/5). Let v = g + -12. List the prime factors of 12*((-4)/v + 0).
2
Let p = 51 + -16. What are the prime factors of p?
5, 7
Let i(b) = b**3 + 4*b**2 + b + 4. Let z be i(-4). Let n = 1 + z. List the prime factors of 7/(-2)*n*-2.
7
Suppose 696 = 9*c - 5*c. What are the prime factors of c?
2, 3, 29
Suppose -3*c - 1 = 2. Let i be c/(-5) + (-24)/(-5). Suppose -i*a - 20 = -9*a. What are the prime factors of a?
5
Let l(h) = h**3 - 5*h**2 + 7*h - 7. Let z be l(4). Suppose 8*q - z*q = 6. List the prime factors of q.
2
Let a = -15 + 30. Let t = -21 + a. Let l = 8 + t. What are the prime factors of l?
2
Suppose -3*a = -3*x + 54, x - 5*x = a - 97. List the prime factors of x.
23
Let u(y) = -y**3 - y + 5. What are the prime factors of u(0)?
5
Suppose -4*j + 848 = -4*n, -2*j = 2*j + 2*n - 824. List the prime factors of j.
2, 13
List the prime factors of 11 + (-4 + 3)*-2.
13
Let n = -223 + 118. What are the prime factors of (20/3)/((-14)/n)?
2, 5
Let z(i) = i**3 + 11*i**2 + 10*i - 13. List the prime factors of z(-9).
59
Let v(w) = 6*w**2 + 10*w - 1. List the prime factors of v(4).
3, 5
What are the prime factors of 2/(-11) + (-510)/(-22) + 5?
2, 7
Suppose -1971 = -15*f + 894. What are the prime factors of f?
191
What are the prime factors of (-2)/(-9) - (-1906)/9?
2, 53
Suppose 4*d + 17 = -7. Let v = 8 + d. What are the prime factors of v?
2
Suppose 0 = i, o + 5*i = i + 78. What are the prime factors of o?
2, 3, 13
Let i be 1 + 30 - (2 - 1). Let h be (i - 0)/3 - -1. Let m = -7 + h. What are the prime factors of m?
2
Suppose -2*t + 135 = -81. Suppose 5*g - t - 37 = 0. List the prime factors of g.
29
Let u = 37 - -81. What are the prime factors of u?
2, 59
Suppose 2 = -p + 5. Suppose p*m - m = 32. List the prime factors of m.
2
Let s(c) = c**2 + 3*c + 1. Let k be s(-4). Suppose -3*t - z - 33 = -7*t, -z = -k*t + 40. List the prime factors of t.
7
Suppose 8*x = 4*x + 20. Suppose -s = -0*s - g - 23, -s + x*g = -7. What are the prime factors of s?
3
Let t be (0 + -22)*2/(-4). Suppose -5*m + 8 = 43. Let b = t + m. List the prime factors of b.
2
Suppose -41 + 153 = 4*j. Let u = -17 + j. What are the prime factors of u?
11
Suppose -3*m - 2*m = -10. Suppose -23 - 13 = -m*i + 2*l, 9 = 3*l. List the prime factors of (8/12)/(2/i).
7
Let y = 57 - 30. Suppose 12*g = 11*g + y. List the prime factors of g.
3
Suppose -2 = d - 7. Suppose 3*t - 11 = k, -d*k + 11 = 4*t - 29. What are the prime factors of t?
5
Let z(j) = 2 + 0 - 8 - 4*j. List the prime factors of z(-11).
2, 19
Let l be 2/7 - (-2336)/56. Suppose -v - l = -4*v. List the prime factors of v.
2, 7
Let g(b) = 7*b + 19. What are the prime factors of g(27)?
2, 13
Suppose 7*o - 66 = 347. List the prime factors of o.
59
Suppose -5*i - 2*s + 46 = -3*s, 2*i = 3*s + 8. Suppose -i*g = -5*g - 40. List the prime factors of g.
2
Let r = 4 - 5. Let m be 45/12 + r/(-4). Suppose m*h - 15 = h. What are the prime factors of h?
5
Let d(m) = -6*m + 2. Suppose 0*o = -4*o + 3*v - 21, 2*v = -o + 3. Let x be d(o). Suppose y + 2*z = 14, -x = -y - 3*y + z. What are the prime factors of y?
2, 3
Suppose -4*a + 53 + 11 = 0. What are the prime factors of a?
2
Let n(v) = v**3 - 5*v**2 + 3*v - 5. Let p = 6 - 3. Suppose -2*b + p*b - 5 = 0. What are the prime factors of n(b)?
2, 5
List the prime factors of ((-48)/3)/(0 - 1).
2
Let l = 172 + -45. What are the prime factors of l?
127
Suppose -9*c = -8*c - 113. What are the prime factors of c?
113
Let d = 21 - 6. List the prime factors of d.
3, 5
Suppose 3 = 2*h - h. List the prime factors of h.
3
Let b(r) = -r + 3. Let l be b(-6). Let d = 2 - -1. Let z = l + d. What are the prime factors of z?
2, 3
Let x(v) = v + 11. List the prime factors of x(-6).
5
Let b = -6 + 9. List the prime factors of (b + 7)/(0 - -2).
5
Suppose r + 8 = -3*r. Let h(g) = -11*g - 4. List the prime factors of h(r).
2, 3
Let b = -169 - -171. Suppose -2*i + 3*o = -71, 0*o = i - 5*o - 25. Suppose -b*j = -5*g + j + i, -5*g + 40 = -j. List the prime factors of g.
2
Suppose 3*t = 5*z + 25 - 6, 0 = -2*z + 2. Suppose -t = -2*g + g. What are the prime factors of ((-4)/g)/((-2)/40)?
2, 5
Let f = -26 - -44. What are the prime factors of f?
2, 3
Suppose -4 = -3*f + 5. Let o(k) = -3*k - 5. Let c be o(-3). Suppose n + 18 = f*t - 7, -c*n + 30 = t. What are the prime factors of t?
2, 5
Let i = -6 - -10. What are the prime factors of 1/(-2) + 14/i?
3
Suppose 4*z - 767 + 119 = 0. What are the prime factors of z?
2, 3
Let f(g) = 2*g**2 + 6*g + 4. Let q be f(-4). Let w = 11 + -7. Suppose 0 = -u + w*u - q. What are the prime factors of u?
2
Let o be (-1 - 1)*(-6)/4. Let j be ((-48)/(-14))/((-2)/(-21)). Suppose -4*l - 41 = -o*i, -1 = -3*i + 2*l + j. List the prime factors of i.
11
Let y(i) = -10*i + 6. What are the prime factors of y(-2)?
2, 13
Let u be (6/18)/(1/12). Suppose -4*c + 3*l + 50 = -2*c, u*c + 3*l = 136. List the prime factors of c.
31
Let c be (9/(-6) - -1)*0. Let g = c - -5. What are the prime factors of g?
5
Let y(r) be the first derivative of -2*r**2 - 2*r - 2 - 1/4*r**4 + 8/3*r**3. List the prime factors of y(7).
19
Let w be (-8)/(-12) + 2/6. Suppose -3*v = -2*d - 25 - w, 3*v - 14 = -d. What are the prime factors of v?
2, 3
Let u(g) = 3*g - 2. Let y be u(2). Suppose y = 2*q - 4. List the prime factors of q.
2
Let p(v) = v**2 + v - 4. Let b be p(3). Let s(j) = -j**3 + 0*j**3 - b*j**2 - 3 - 9*j + 0. List the prime factors of s(-7).
11
Suppose 126 = -5*l - 4*m, -l - m = 2*l + 77. Let h = -21 - l. List the prime factors of h.
5
Let p(a) = a**3 + 4*a**2 - a + 1. Let h be p(-4). Let v be 7/h + 14/(-35). Let g = v - -19. What are the prime factors of g?
2, 5
Let w = 4 - -162. List the prime factors of w.
2, 83
Suppose -16 - 18 = 5*t - 4*w, 0 = -2*t + w - 13. List the prime factors of t/(-9)*6*1.
2
Let r(z) = 1 + 4*z + z - 4*z - 4*z. List the prime factors of r(-3).
2, 5
Suppose 628 = 9*s - 29. List the prime factors of s.
73
Let i be (8/3)/((-8)/(-12)). Suppose 4 + 4 = i*p, -3*p + 18 = 2*u. What are the prime factors of u?
2, 3
Let c = -54 - -87. List the prime factors of c.
3, 11
Let q(d) = 0 + 4*d**2 - 3*d**2 - 3. List the prime factors of q(3).
2, 3
Suppose 0 = s - 0*s - 40. Suppose 8*c + s = 3*c. Let a = c - -25. What are the prime factors of a?
17
Let l(s) = -s**2 + 11*s + 22. List the prime factors of l(11).
2, 11
Let p(g) = -4*g**2 + 10*g - 3. Let m(z) = z**2 - z - 1. Let r(i) = -2*m(i) - p(i). List the prime factors of r(5).
3, 5
Suppose 0*q + 3*r + 14 = 4*q, q - 1 = 2*r. Suppose -5*d + 15 = -2*h - 3*h, 15 = d - q*h. Suppose -p + 6*p - 65 = d. List the prime factors of p.
13
List the prime factors of 71 + (-4 - -2)*6/(-4).
2, 37
List the prime factors of -34*(-1 - 2 - -2).
2, 17
Suppose 9 = -2*a + a. Let d(w) = -w**3 + 6*w**2 - w + 7. Let v be d(6). What are the prime factors of -1*v*(a + -2)?
11
Let o = -50 - -121. Let k = o + -43. What are the prime factors of k?
2, 7
Let w be (-10)/(-4*(-4)/(-8)). Let i = 8 - -2. Let c = w + i. What are the prime factors of c?
3, 5
Suppose -p + 63 = -16. What are the prime factors of p?
79
Let l(y) = -y**2 - 1. Let k be l(2). What are the prime factors of (22 - 2)*(-4)/k?
2
Suppose -64 = -4*i + 5*c - 13, 3*i - 2*c - 40 = 0. What are the prime factors of i?
2, 7
Let w = 1 + 25. Suppose -2*h = -2*z + w, 0*h + h + 2*z = -28. Let t = h - -28. List the prime factors of t.
2, 5
Let m = 20 + -16. Suppose -22 = m*q - 6*q. List the prime factors of q.
11
Let h(x) = -x**2 - 4*x - 5*x + x - 4. Let s(i) = 2*i + 7. Let k be s(-6). List the prime factors of h(k).
11
Let c(m) = -2*m**3 + m**2 + 2*m**2 - 6*m**2. Let r be c(-2). Suppose f = -r*f + 25. List the prime factors of f.
5
Suppose s - 79 = 3*p, 0 = 4*s - 3*s - 4*p - 83. What are the prime factors of s?
67
Suppose 6*y = 3*y + 279. List the prime factors of y.
3, 31
Suppose 3*h - 35 - 55 = 0. List the prime factors of h.
2, 3, 5
Let d be (-24)/9*(-6)/(-4). List the prime factors of 2/(-8) - 81/d.
2, 5
Suppose -5*l = -4*l + 7. List the prime factors of (l/21)/((-1)/51).
17
Suppose -2*f + 5*c = -4*f - 7, -5*c + 11 = -f. Let n = -2 - f. Suppose 5*v - 35 = n*j, -j - 2*j + 70 = 5*v. List the prime factors of v.
11
List the prime factors of -6*(15/(-3) - 3).
2, 3
Let d(c) = -7*c**3 + c. Let o = -1 - 0. Let g be d(o). List the prime fact